{"id":205,"date":"2015-02-07T13:15:02","date_gmt":"2015-02-07T13:15:02","guid":{"rendered":"http:\/\/wpcharming.wpengine.com\/construction\/?page_id=205"},"modified":"2025-12-18T17:33:55","modified_gmt":"2025-12-18T17:33:55","slug":"genel-muteahhitlik","status":"publish","type":"page","link":"https:\/\/akogluinsaat.com.tr\/index.php\/hizmetlerimiz\/genel-muteahhitlik\/","title":{"rendered":"Genel M\u00fcteahhitlik"},"content":{"rendered":"\t\t<div data-elementor-type=\"wp-page\" data-elementor-id=\"205\" class=\"elementor elementor-205\" data-elementor-post-type=\"page\">\n\t\t\t\t\t\t<section class=\"elementor-section elementor-top-section elementor-element elementor-element-305daa2a elementor-section-boxed elementor-section-height-default elementor-section-height-default\" data-id=\"305daa2a\" data-element_type=\"section\">\n\t\t\t\t\t\t<div class=\"elementor-container elementor-column-gap-no\">\n\t\t\t\t\t<div class=\"elementor-column elementor-col-100 elementor-top-column elementor-element elementor-element-26578643\" data-id=\"26578643\" data-element_type=\"column\">\n\t\t\t<div class=\"elementor-widget-wrap elementor-element-populated\">\n\t\t\t\t\t\t<div class=\"elementor-element elementor-element-544423d3 elementor-widget elementor-widget-image\" data-id=\"544423d3\" data-element_type=\"widget\" data-widget_type=\"image.default\">\n\t\t\t\t<div class=\"elementor-widget-container\">\n\t\t\t\t\t\t\t\t\t\t\t\t\t\t\t<img fetchpriority=\"high\" decoding=\"async\" width=\"800\" height=\"545\" src=\"https:\/\/akogluinsaat.com.tr\/wp-content\/uploads\/2015\/02\/slider04-1024x698.jpg\" class=\"attachment-large size-large wp-image-180\" alt=\"\" srcset=\"https:\/\/akogluinsaat.com.tr\/wp-content\/uploads\/2015\/02\/slider04-1024x698.jpg 1024w, https:\/\/akogluinsaat.com.tr\/wp-content\/uploads\/2015\/02\/slider04-300x205.jpg 300w, https:\/\/akogluinsaat.com.tr\/wp-content\/uploads\/2015\/02\/slider04-768x524.jpg 768w, https:\/\/akogluinsaat.com.tr\/wp-content\/uploads\/2015\/02\/slider04-1536x1047.jpg 1536w, https:\/\/akogluinsaat.com.tr\/wp-content\/uploads\/2015\/02\/slider04.jpg 1700w\" sizes=\"(max-width: 800px) 100vw, 800px\" \/>\t\t\t\t\t\t\t\t\t\t\t\t\t\t\t<\/div>\n\t\t\t\t<\/div>\n\t\t\t\t<div class=\"elementor-element elementor-element-731fce5c elementor-widget elementor-widget-image-gallery\" data-id=\"731fce5c\" data-element_type=\"widget\" data-widget_type=\"image-gallery.default\">\n\t\t\t\t<div class=\"elementor-widget-container\">\n\t\t\t\t\t\t\t<div class=\"elementor-image-gallery\">\n\t\t\t\n        <style type='text\/css'>\n            #gallery-1 .gallery-item {\n                float: left;\n                text-align: center;\n                width: 20%;\n                margin-bottom:0;\n            }\n            #gallery-1 img {\n            }\n            #gallery-1 .gallery-caption {\n                margin-left: 0;\n            }\n        <\/style>\n\t\t<div id='gallery-1' class='gallery  gallery-columns-5 gallery-size-medium-thumb gallery-lightbox'><dl class='gallery-item'>\n            <dt class='gallery-icon'>\n                <a data-elementor-open-lightbox=\"yes\" data-elementor-lightbox-slideshow=\"731fce5c\" data-elementor-lightbox-title=\"slider03\" data-e-action-hash=\"#elementor-action%3Aaction%3Dlightbox%26settings%3DeyJpZCI6NzQsInVybCI6Imh0dHBzOlwvXC9ha29nbHVpbnNhYXQuY29tLnRyXC93cC1jb250ZW50XC91cGxvYWRzXC8yMDE1XC8wMlwvc2xpZGVyMDMuanBnIiwic2xpZGVzaG93IjoiNzMxZmNlNWMifQ%3D%3D\" href='https:\/\/akogluinsaat.com.tr\/wp-content\/uploads\/2015\/02\/slider03.jpg'><img decoding=\"async\" width=\"600\" height=\"300\" src=\"https:\/\/akogluinsaat.com.tr\/wp-content\/uploads\/2015\/02\/slider03-600x300.jpg\" class=\"attachment-medium-thumb size-medium-thumb\" alt=\"\" srcset=\"https:\/\/akogluinsaat.com.tr\/wp-content\/uploads\/2015\/02\/slider03-600x300.jpg 600w, https:\/\/akogluinsaat.com.tr\/wp-content\/uploads\/2015\/02\/slider03-300x150.jpg 300w, https:\/\/akogluinsaat.com.tr\/wp-content\/uploads\/2015\/02\/slider03-1024x512.jpg 1024w, https:\/\/akogluinsaat.com.tr\/wp-content\/uploads\/2015\/02\/slider03-768x384.jpg 768w, https:\/\/akogluinsaat.com.tr\/wp-content\/uploads\/2015\/02\/slider03-1536x768.jpg 1536w, https:\/\/akogluinsaat.com.tr\/wp-content\/uploads\/2015\/02\/slider03-400x200.jpg 400w, https:\/\/akogluinsaat.com.tr\/wp-content\/uploads\/2015\/02\/slider03-800x400.jpg 800w, https:\/\/akogluinsaat.com.tr\/wp-content\/uploads\/2015\/02\/slider03.jpg 1600w\" sizes=\"(max-width: 600px) 100vw, 600px\" \/><\/a>\n            <\/dt><\/dl><dl class='gallery-item'>\n            <dt class='gallery-icon'>\n                <a data-elementor-open-lightbox=\"yes\" data-elementor-lightbox-slideshow=\"731fce5c\" data-elementor-lightbox-title=\"laminate floor covering\" data-e-action-hash=\"#elementor-action%3Aaction%3Dlightbox%26settings%3DeyJpZCI6OTgsInVybCI6Imh0dHBzOlwvXC9ha29nbHVpbnNhYXQuY29tLnRyXC93cC1jb250ZW50XC91cGxvYWRzXC8yMDE1XC8wMlwvbGFtaW5hdGUtZmxvb3ItY292ZXJpbmcuanBnIiwic2xpZGVzaG93IjoiNzMxZmNlNWMifQ%3D%3D\" href='https:\/\/akogluinsaat.com.tr\/wp-content\/uploads\/2015\/02\/laminate-floor-covering.jpg'><img decoding=\"async\" width=\"600\" height=\"300\" src=\"https:\/\/akogluinsaat.com.tr\/wp-content\/uploads\/2015\/02\/laminate-floor-covering-600x300.jpg\" class=\"attachment-medium-thumb size-medium-thumb\" alt=\"\" srcset=\"https:\/\/akogluinsaat.com.tr\/wp-content\/uploads\/2015\/02\/laminate-floor-covering-600x300.jpg 600w, https:\/\/akogluinsaat.com.tr\/wp-content\/uploads\/2015\/02\/laminate-floor-covering-400x200.jpg 400w, https:\/\/akogluinsaat.com.tr\/wp-content\/uploads\/2015\/02\/laminate-floor-covering-800x400.jpg 800w\" sizes=\"(max-width: 600px) 100vw, 600px\" \/><\/a>\n            <\/dt><\/dl><dl class='gallery-item'>\n            <dt class='gallery-icon'>\n                <a data-elementor-open-lightbox=\"yes\" data-elementor-lightbox-slideshow=\"731fce5c\" data-elementor-lightbox-title=\"builder roofer painter\" data-e-action-hash=\"#elementor-action%3Aaction%3Dlightbox%26settings%3DeyJpZCI6OTksInVybCI6Imh0dHBzOlwvXC9ha29nbHVpbnNhYXQuY29tLnRyXC93cC1jb250ZW50XC91cGxvYWRzXC8yMDE1XC8wMlwvYnVpbGRlci1yb29mZXItcGFpbnRlci5qcGciLCJzbGlkZXNob3ciOiI3MzFmY2U1YyJ9\" href='https:\/\/akogluinsaat.com.tr\/wp-content\/uploads\/2015\/02\/builder-roofer-painter.jpg'><img loading=\"lazy\" decoding=\"async\" width=\"600\" height=\"300\" src=\"https:\/\/akogluinsaat.com.tr\/wp-content\/uploads\/2015\/02\/builder-roofer-painter-600x300.jpg\" class=\"attachment-medium-thumb size-medium-thumb\" alt=\"\" srcset=\"https:\/\/akogluinsaat.com.tr\/wp-content\/uploads\/2015\/02\/builder-roofer-painter-600x300.jpg 600w, https:\/\/akogluinsaat.com.tr\/wp-content\/uploads\/2015\/02\/builder-roofer-painter-400x200.jpg 400w, https:\/\/akogluinsaat.com.tr\/wp-content\/uploads\/2015\/02\/builder-roofer-painter-800x400.jpg 800w\" sizes=\"(max-width: 600px) 100vw, 600px\" \/><\/a>\n            <\/dt><\/dl><dl class='gallery-item'>\n            <dt class='gallery-icon'>\n                <a data-elementor-open-lightbox=\"yes\" data-elementor-lightbox-slideshow=\"731fce5c\" data-elementor-lightbox-title=\"slider02\" data-e-action-hash=\"#elementor-action%3Aaction%3Dlightbox%26settings%3DeyJpZCI6NzMsInVybCI6Imh0dHBzOlwvXC9ha29nbHVpbnNhYXQuY29tLnRyXC93cC1jb250ZW50XC91cGxvYWRzXC8yMDE1XC8wMlwvc2xpZGVyMDIuanBnIiwic2xpZGVzaG93IjoiNzMxZmNlNWMifQ%3D%3D\" href='https:\/\/akogluinsaat.com.tr\/wp-content\/uploads\/2015\/02\/slider02.jpg'><img loading=\"lazy\" decoding=\"async\" width=\"600\" height=\"300\" src=\"https:\/\/akogluinsaat.com.tr\/wp-content\/uploads\/2015\/02\/slider02-600x300.jpg\" class=\"attachment-medium-thumb size-medium-thumb\" alt=\"\" srcset=\"https:\/\/akogluinsaat.com.tr\/wp-content\/uploads\/2015\/02\/slider02-600x300.jpg 600w, https:\/\/akogluinsaat.com.tr\/wp-content\/uploads\/2015\/02\/slider02-400x200.jpg 400w, https:\/\/akogluinsaat.com.tr\/wp-content\/uploads\/2015\/02\/slider02-800x400.jpg 800w\" sizes=\"(max-width: 600px) 100vw, 600px\" \/><\/a>\n            <\/dt><\/dl><dl class='gallery-item'>\n            <dt class='gallery-icon'>\n                <a data-elementor-open-lightbox=\"yes\" data-elementor-lightbox-slideshow=\"731fce5c\" data-elementor-lightbox-title=\"green-building\" data-e-action-hash=\"#elementor-action%3Aaction%3Dlightbox%26settings%3DeyJpZCI6MTgxLCJ1cmwiOiJodHRwczpcL1wvYWtvZ2x1aW5zYWF0LmNvbS50clwvd3AtY29udGVudFwvdXBsb2Fkc1wvMjAxNVwvMDJcL2dyZWVuLWJ1aWxkaW5nLmpwZyIsInNsaWRlc2hvdyI6IjczMWZjZTVjIn0%3D\" href='https:\/\/akogluinsaat.com.tr\/wp-content\/uploads\/2015\/02\/green-building.jpg'><img loading=\"lazy\" decoding=\"async\" width=\"600\" height=\"300\" src=\"https:\/\/akogluinsaat.com.tr\/wp-content\/uploads\/2015\/02\/green-building-600x300.jpg\" class=\"attachment-medium-thumb size-medium-thumb\" alt=\"\" srcset=\"https:\/\/akogluinsaat.com.tr\/wp-content\/uploads\/2015\/02\/green-building-600x300.jpg 600w, https:\/\/akogluinsaat.com.tr\/wp-content\/uploads\/2015\/02\/green-building-400x200.jpg 400w, https:\/\/akogluinsaat.com.tr\/wp-content\/uploads\/2015\/02\/green-building-800x400.jpg 800w\" sizes=\"(max-width: 600px) 100vw, 600px\" \/><\/a>\n            <\/dt><\/dl><div class=\"clear\"><\/div>\n            <div class=\"clear\"><\/div>\n        <\/div>\n\t\t<\/div>\n\t\t\t\t\t\t<\/div>\n\t\t\t\t<\/div>\n\t\t\t\t\t<\/div>\n\t\t<\/div>\n\t\t\t\t\t<\/div>\n\t\t<\/section>\n\t\t\t\t<section class=\"elementor-section elementor-top-section elementor-element elementor-element-e3495f5 elementor-section-boxed elementor-section-height-default elementor-section-height-default\" data-id=\"e3495f5\" data-element_type=\"section\">\n\t\t\t\t\t\t<div class=\"elementor-container elementor-column-gap-no\">\n\t\t\t\t\t<div class=\"elementor-column elementor-col-50 elementor-top-column elementor-element elementor-element-95599fb\" data-id=\"95599fb\" data-element_type=\"column\">\n\t\t\t<div class=\"elementor-widget-wrap elementor-element-populated\">\n\t\t\t\t\t\t<div class=\"elementor-element elementor-element-bce4b8b elementor-widget elementor-widget-text-editor\" data-id=\"bce4b8b\" data-element_type=\"widget\" data-widget_type=\"text-editor.default\">\n\t\t\t\t<div class=\"elementor-widget-container\">\n\t\t\t\t\t\t\t\t\t<h4>Project Management<\/h4>\n<p>\u0130n\u015faat s\u00fcrecini etkin bir \u015fekilde y\u00f6netmek i\u00e7in gereken \u015fekilde bir proje y\u00f6neticisi, saha \u015fefi, m\u00fchendis ve di\u011fer personel atayaca\u011f\u0131z. Projelerimizi en etkin \u015fekilde y\u00f6netiyoruz.&nbsp;<\/p>\t\t\t\t\t\t\t\t<\/div>\n\t\t\t\t<\/div>\n\t\t\t\t<div class=\"elementor-element elementor-element-02fd0a9 elementor-widget elementor-widget-text-editor\" data-id=\"02fd0a9\" data-element_type=\"widget\" data-widget_type=\"text-editor.default\">\n\t\t\t\t<div class=\"elementor-widget-container\">\n\t\t\t\t\t\t\t\t\t<h4>Koordinasyon S\u00fcreci<\/h4><p>Herhangi bir projenin in\u015faat\u0131 s\u0131ras\u0131nda, \u00f6zellikle mekanik ve elektrik i\u015fleri a\u00e7\u0131s\u0131ndan, i\u015flerin koordinasyonu s\u00fcrecin ayr\u0131lmaz bir par\u00e7as\u0131d\u0131r.<\/p>\t\t\t\t\t\t\t\t<\/div>\n\t\t\t\t<\/div>\n\t\t\t\t<div class=\"elementor-element elementor-element-a296560 elementor-widget elementor-widget-accordion\" data-id=\"a296560\" data-element_type=\"widget\" data-widget_type=\"accordion.default\">\n\t\t\t\t<div class=\"elementor-widget-container\">\n\t\t\t\t\t\t\t<div class=\"elementor-accordion\">\n\t\t\t\t\t\t\t<div class=\"elementor-accordion-item\">\n\t\t\t\t\t<div id=\"elementor-tab-title-1701\" class=\"elementor-tab-title\" data-tab=\"1\" role=\"button\" aria-controls=\"elementor-tab-content-1701\" aria-expanded=\"false\">\n\t\t\t\t\t\t\t\t\t\t\t\t<a class=\"elementor-accordion-title\" tabindex=\"0\">\u0130lave \u0130n\u015faat Ad\u0131mlar\u0131<\/a>\n\t\t\t\t\t<\/div>\n\t\t\t\t\t<div id=\"elementor-tab-content-1701\" class=\"elementor-tab-content elementor-clearfix\" data-tab=\"1\" role=\"region\" aria-labelledby=\"elementor-tab-title-1701\"><p>Teslimat alanlar\u0131, barikatlar\u0131n yerle\u015ftirilmesi (gerekiyorsa) ve \u00e7al\u0131\u015fma saatleri gibi in\u015faat s\u00fcreci i\u00e7in lojistik gereksinimleri tan\u0131mlamak i\u00e7in t\u00fcm proje ekibi \u00fcyeleriyle birlikte \u00e7al\u0131\u015faca\u011f\u0131z.<\/p><\/div>\n\t\t\t\t<\/div>\n\t\t\t\t\t\t\t<div class=\"elementor-accordion-item\">\n\t\t\t\t\t<div id=\"elementor-tab-title-1702\" class=\"elementor-tab-title\" data-tab=\"2\" role=\"button\" aria-controls=\"elementor-tab-content-1702\" aria-expanded=\"false\">\n\t\t\t\t\t\t\t\t\t\t\t\t<a class=\"elementor-accordion-title\" tabindex=\"0\">\u0130malat \u00c7izimleri ve G\u00f6nderimler<\/a>\n\t\t\t\t\t<\/div>\n\t\t\t\t\t<div id=\"elementor-tab-content-1702\" class=\"elementor-tab-content elementor-clearfix\" data-tab=\"2\" role=\"region\" aria-labelledby=\"elementor-tab-title-1702\"><p>Bilgisayarlarda \u00e7izdi\u011fimiz ve hata tolerans\u0131 olmayan makinalar\u0131m\u0131zla s\u00fcreci g\u00fcvence alt\u0131na al\u0131yoruz<\/p><\/div>\n\t\t\t\t<\/div>\n\t\t\t\t\t\t\t<div class=\"elementor-accordion-item\">\n\t\t\t\t\t<div id=\"elementor-tab-title-1703\" class=\"elementor-tab-title\" data-tab=\"3\" role=\"button\" aria-controls=\"elementor-tab-content-1703\" aria-expanded=\"false\">\n\t\t\t\t\t\t\t\t\t\t\t\t<a class=\"elementor-accordion-title\" tabindex=\"0\">Maliyet Raporlamas\u0131<\/a>\n\t\t\t\t\t<\/div>\n\t\t\t\t\t<div id=\"elementor-tab-content-1703\" class=\"elementor-tab-content elementor-clearfix\" data-tab=\"3\" role=\"region\" aria-labelledby=\"elementor-tab-title-1703\"><p>Maliyet raporlar\u0131m\u0131z\u0131 ba\u015ftan sona kadar takip alt\u0131na al\u0131yor, muhasebemizde sakl\u0131yoruz.<\/p><\/div>\n\t\t\t\t<\/div>\n\t\t\t\t\t\t\t<div class=\"elementor-accordion-item\">\n\t\t\t\t\t<div id=\"elementor-tab-title-1704\" class=\"elementor-tab-title\" data-tab=\"4\" role=\"button\" aria-controls=\"elementor-tab-content-1704\" aria-expanded=\"false\">\n\t\t\t\t\t\t\t\t\t\t\t\t<a class=\"elementor-accordion-title\" tabindex=\"0\">Son Denetimler ve Yap\u0131 Kullanma \u0130zin Belgesi<\/a>\n\t\t\t\t\t<\/div>\n\t\t\t\t\t<div id=\"elementor-tab-content-1704\" class=\"elementor-tab-content elementor-clearfix\" data-tab=\"4\" role=\"region\" aria-labelledby=\"elementor-tab-title-1704\"><p>Belgelerimiz, sertifikalar\u0131m\u0131z ve e\u011fitimlerimiz d\u00fczenli olarak takip alt\u0131ndad\u0131r. Her ay g\u00fcncelli\u011fini kontrol ediyor, prosed\u00fcrleri yerine getiriyoruz.<\/p><\/div>\n\t\t\t\t<\/div>\n\t\t\t\t\t\t\t\t<\/div>\n\t\t\t\t\t\t<\/div>\n\t\t\t\t<\/div>\n\t\t\t\t\t<\/div>\n\t\t<\/div>\n\t\t\t\t<div class=\"elementor-column elementor-col-50 elementor-top-column elementor-element elementor-element-4fee0b1\" data-id=\"4fee0b1\" data-element_type=\"column\">\n\t\t\t<div class=\"elementor-widget-wrap elementor-element-populated\">\n\t\t\t\t\t\t<div class=\"elementor-element elementor-element-a66574e elementor-widget elementor-widget-text-editor\" data-id=\"a66574e\" data-element_type=\"widget\" data-widget_type=\"text-editor.default\">\n\t\t\t\t<div class=\"elementor-widget-container\">\n\t\t\t\t\t\t\t\t\t<h4>Raporlama ve Maliyet Kontrol\u00fc<\/h4><p>\u0130n\u015faat s\u00fcreci s\u0131ras\u0131nda meydana gelen de\u011fi\u015fikliklerle ilgili g\u00fcncel bilgiler sa\u011flayaca\u011f\u0131z.\u00a0<\/p>\t\t\t\t\t\t\t\t<\/div>\n\t\t\t\t<\/div>\n\t\t\t\t<div class=\"elementor-element elementor-element-8580d54 elementor-widget elementor-widget-text-editor\" data-id=\"8580d54\" data-element_type=\"widget\" data-widget_type=\"text-editor.default\">\n\t\t\t\t<div class=\"elementor-widget-container\">\n\t\t\t\t\t\t\t\t\t<h4>Devreye Alma ve Proje Kapan\u0131\u015f\u0131<\/h4><p>\u0130n\u015faat s\u00fcrecinin en kritik a\u015famalar\u0131ndan biri projenin devreye al\u0131nmas\u0131 ve kapat\u0131lmas\u0131d\u0131r. Prosed\u00fcrlerimizin yerine getirilip getirilmedi\u011fini denetliyor ve anahtar teslim; teslim ediyoruz.<\/p>\t\t\t\t\t\t\t\t<\/div>\n\t\t\t\t<\/div>\n\t\t\t\t<div class=\"elementor-element elementor-element-4903afa elementor-widget elementor-widget-text-editor\" data-id=\"4903afa\" data-element_type=\"widget\" data-widget_type=\"text-editor.default\">\n\t\t\t\t<div class=\"elementor-widget-container\">\n\t\t\t\t\t\t\t\t\t<h4>Servis Bro\u015f\u00fcr\u00fcm\u00fcz<\/h4><p><img loading=\"lazy\" decoding=\"async\" class=\"alignnone size-full wp-image-248\" src=\"https:\/\/wpcharming.com\/elementor\/wp-content\/uploads\/sites\/10\/2015\/02\/Construction-Brochure-Sample.jpg\" alt=\"Construction-Brochure-Sample\" width=\"550\" height=\"319\" srcset=\"https:\/\/akogluinsaat.com.tr\/wp-content\/uploads\/2015\/02\/Construction-Brochure-Sample.jpg 550w, https:\/\/akogluinsaat.com.tr\/wp-content\/uploads\/2015\/02\/Construction-Brochure-Sample-300x174.jpg 300w\" sizes=\"(max-width: 550px) 100vw, 550px\" \/><\/p><p>\u0130n\u015faat Y\u00f6netimi, Tasar\u0131m-\u0130n\u015faat, Genel M\u00fcteahhitlik, K\u00fc\u00e7\u00fck \u0130\u015fler ve Hizmet \u0130\u015flerine kadar in\u015faat hizmetlerimize genel bak\u0131\u015f<\/p><p><a class=\"icon-button\" href=\"#\"><i class=\"fa fa-file-pdf-o\"><\/i> Service-Brochure.PDF<\/a><\/p>\t\t\t\t\t\t\t\t<\/div>\n\t\t\t\t<\/div>\n\t\t\t\t\t<\/div>\n\t\t<\/div>\n\t\t\t\t\t<\/div>\n\t\t<\/section>\n\t\t\t\t<\/div>\n\t\t","protected":false},"excerpt":{"rendered":"<p>Genel y\u00fcklenici olarak \u00f6ncelikle m\u00fc\u015fterilerimizle en \u00fcst d\u00fczeyde g\u00fcven ve d\u00fcr\u00fcstl\u00fck yarat\u0131r\u0131z. Projenizin ba\u015far\u0131s\u0131ndaki rol\u00fcm\u00fcze de\u011fer veriyoruz.<\/p>\n","protected":false},"author":1,"featured_media":2202,"parent":1507,"menu_order":0,"comment_status":"closed","ping_status":"closed","template":"","meta":{"footnotes":""},"_links":{"self":[{"href":"https:\/\/akogluinsaat.com.tr\/index.php\/wp-json\/wp\/v2\/pages\/205"}],"collection":[{"href":"https:\/\/akogluinsaat.com.tr\/index.php\/wp-json\/wp\/v2\/pages"}],"about":[{"href":"https:\/\/akogluinsaat.com.tr\/index.php\/wp-json\/wp\/v2\/types\/page"}],"author":[{"embeddable":true,"href":"https:\/\/akogluinsaat.com.tr\/index.php\/wp-json\/wp\/v2\/users\/1"}],"replies":[{"embeddable":true,"href":"https:\/\/akogluinsaat.com.tr\/index.php\/wp-json\/wp\/v2\/comments?post=205"}],"version-history":[{"count":11,"href":"https:\/\/akogluinsaat.com.tr\/index.php\/wp-json\/wp\/v2\/pages\/205\/revisions"}],"predecessor-version":[{"id":2201,"href":"https:\/\/akogluinsaat.com.tr\/index.php\/wp-json\/wp\/v2\/pages\/205\/revisions\/2201"}],"up":[{"embeddable":true,"href":"https:\/\/akogluinsaat.com.tr\/index.php\/wp-json\/wp\/v2\/pages\/1507"}],"wp:featuredmedia":[{"embeddable":true,"href":"https:\/\/akogluinsaat.com.tr\/index.php\/wp-json\/wp\/v2\/media\/2202"}],"wp:attachment":[{"href":"https:\/\/akogluinsaat.com.tr\/index.php\/wp-json\/wp\/v2\/media?parent=205"}],"curies":[{"name":"wp","href":"https:\/\/api.w.org\/{rel}","templated":true}]}}