{"id":1869,"date":"2024-07-09T11:57:27","date_gmt":"2024-07-09T11:57:27","guid":{"rendered":"https:\/\/akogluinsaat.com.tr\/?page_id=1869"},"modified":"2024-07-09T12:02:00","modified_gmt":"2024-07-09T12:02:00","slug":"altug-apartmani","status":"publish","type":"page","link":"https:\/\/akogluinsaat.com.tr\/index.php\/projelerimiz\/altug-apartmani\/","title":{"rendered":"Altu\u011f Apartman\u0131"},"content":{"rendered":"\t\t<div data-elementor-type=\"wp-page\" data-elementor-id=\"1869\" class=\"elementor elementor-1869\" data-elementor-post-type=\"page\">\n\t\t\t\t\t\t<section class=\"elementor-section elementor-top-section elementor-element elementor-element-5366c0c7 elementor-section-boxed elementor-section-height-default elementor-section-height-default\" data-id=\"5366c0c7\" data-element_type=\"section\">\n\t\t\t\t\t\t<div class=\"elementor-container elementor-column-gap-no\">\n\t\t\t\t\t<div class=\"elementor-column elementor-col-100 elementor-top-column elementor-element elementor-element-334dba53\" data-id=\"334dba53\" data-element_type=\"column\">\n\t\t\t<div class=\"elementor-widget-wrap elementor-element-populated\">\n\t\t\t\t\t\t<div class=\"elementor-element elementor-element-1683d55f elementor-widget elementor-widget-image\" data-id=\"1683d55f\" data-element_type=\"widget\" data-widget_type=\"image.default\">\n\t\t\t\t<div class=\"elementor-widget-container\">\n\t\t\t\t\t\t\t\t\t\t\t\t\t\t\t<img decoding=\"async\" src=\"https:\/\/akogluinsaat.com.tr\/wp-content\/uploads\/2015\/02\/House1.jpg\" title=\"House1\" alt=\"House1\" loading=\"lazy\" \/>\t\t\t\t\t\t\t\t\t\t\t\t\t\t\t<\/div>\n\t\t\t\t<\/div>\n\t\t\t\t<div class=\"elementor-element elementor-element-40c6761c elementor-widget elementor-widget-image-gallery\" data-id=\"40c6761c\" data-element_type=\"widget\" data-widget_type=\"image-gallery.default\">\n\t\t\t\t<div class=\"elementor-widget-container\">\n\t\t\t\t\t\t\t<div class=\"elementor-image-gallery\">\n\t\t\t\n        <style type='text\/css'>\n            #gallery-1 .gallery-item {\n                float: left;\n                text-align: center;\n                width: 16.666666666667%;\n                margin-bottom:0;\n            }\n            #gallery-1 img {\n            }\n            #gallery-1 .gallery-caption {\n                margin-left: 0;\n            }\n        <\/style>\n\t\t<div id='gallery-1' class='gallery  gallery-columns-6 gallery-size-medium-thumb gallery-lightbox'><dl class='gallery-item'>\n            <dt class='gallery-icon'>\n                <a data-elementor-open-lightbox=\"no\" href='https:\/\/akogluinsaat.com.tr\/wp-content\/uploads\/2015\/02\/slider01.jpg'><img fetchpriority=\"high\" decoding=\"async\" width=\"600\" height=\"300\" src=\"https:\/\/akogluinsaat.com.tr\/wp-content\/uploads\/2015\/02\/slider01-600x300.jpg\" class=\"attachment-medium-thumb size-medium-thumb\" alt=\"\" srcset=\"https:\/\/akogluinsaat.com.tr\/wp-content\/uploads\/2015\/02\/slider01-600x300.jpg 600w, https:\/\/akogluinsaat.com.tr\/wp-content\/uploads\/2015\/02\/slider01-400x200.jpg 400w, https:\/\/akogluinsaat.com.tr\/wp-content\/uploads\/2015\/02\/slider01-800x400.jpg 800w\" sizes=\"(max-width: 600px) 100vw, 600px\" \/><\/a>\n            <\/dt><\/dl><dl class='gallery-item'>\n            <dt class='gallery-icon'>\n                <a data-elementor-open-lightbox=\"no\" href='https:\/\/akogluinsaat.com.tr\/wp-content\/uploads\/2015\/02\/House3.jpg'><img decoding=\"async\" width=\"600\" height=\"300\" src=\"https:\/\/akogluinsaat.com.tr\/wp-content\/uploads\/2015\/02\/House3-600x300.jpg\" class=\"attachment-medium-thumb size-medium-thumb\" alt=\"\" srcset=\"https:\/\/akogluinsaat.com.tr\/wp-content\/uploads\/2015\/02\/House3-600x300.jpg 600w, https:\/\/akogluinsaat.com.tr\/wp-content\/uploads\/2015\/02\/House3-400x200.jpg 400w, https:\/\/akogluinsaat.com.tr\/wp-content\/uploads\/2015\/02\/House3-800x400.jpg 800w\" sizes=\"(max-width: 600px) 100vw, 600px\" \/><\/a>\n            <\/dt><\/dl><dl class='gallery-item'>\n            <dt class='gallery-icon'>\n                <a data-elementor-open-lightbox=\"no\" href='https:\/\/akogluinsaat.com.tr\/wp-content\/uploads\/2015\/02\/interior6.jpg'><img decoding=\"async\" width=\"600\" height=\"300\" src=\"https:\/\/akogluinsaat.com.tr\/wp-content\/uploads\/2015\/02\/interior6-600x300.jpg\" class=\"attachment-medium-thumb size-medium-thumb\" alt=\"\" srcset=\"https:\/\/akogluinsaat.com.tr\/wp-content\/uploads\/2015\/02\/interior6-600x300.jpg 600w, https:\/\/akogluinsaat.com.tr\/wp-content\/uploads\/2015\/02\/interior6-400x200.jpg 400w, https:\/\/akogluinsaat.com.tr\/wp-content\/uploads\/2015\/02\/interior6-800x400.jpg 800w\" sizes=\"(max-width: 600px) 100vw, 600px\" \/><\/a>\n            <\/dt><\/dl><dl class='gallery-item'>\n            <dt class='gallery-icon'>\n                <a data-elementor-open-lightbox=\"no\" href='https:\/\/akogluinsaat.com.tr\/wp-content\/uploads\/2015\/02\/interior3.jpg'><img loading=\"lazy\" decoding=\"async\" width=\"600\" height=\"300\" src=\"https:\/\/akogluinsaat.com.tr\/wp-content\/uploads\/2015\/02\/interior3-600x300.jpg\" class=\"attachment-medium-thumb size-medium-thumb\" alt=\"\" srcset=\"https:\/\/akogluinsaat.com.tr\/wp-content\/uploads\/2015\/02\/interior3-600x300.jpg 600w, https:\/\/akogluinsaat.com.tr\/wp-content\/uploads\/2015\/02\/interior3-400x200.jpg 400w, https:\/\/akogluinsaat.com.tr\/wp-content\/uploads\/2015\/02\/interior3-800x400.jpg 800w\" sizes=\"(max-width: 600px) 100vw, 600px\" \/><\/a>\n            <\/dt><\/dl><dl class='gallery-item'>\n            <dt class='gallery-icon'>\n                <a data-elementor-open-lightbox=\"no\" href='https:\/\/akogluinsaat.com.tr\/wp-content\/uploads\/2015\/02\/interior2.jpg'><img loading=\"lazy\" decoding=\"async\" width=\"600\" height=\"300\" src=\"https:\/\/akogluinsaat.com.tr\/wp-content\/uploads\/2015\/02\/interior2-600x300.jpg\" class=\"attachment-medium-thumb size-medium-thumb\" alt=\"\" srcset=\"https:\/\/akogluinsaat.com.tr\/wp-content\/uploads\/2015\/02\/interior2-600x300.jpg 600w, https:\/\/akogluinsaat.com.tr\/wp-content\/uploads\/2015\/02\/interior2-400x200.jpg 400w, https:\/\/akogluinsaat.com.tr\/wp-content\/uploads\/2015\/02\/interior2-800x400.jpg 800w\" sizes=\"(max-width: 600px) 100vw, 600px\" \/><\/a>\n            <\/dt><\/dl><dl class='gallery-item'>\n            <dt class='gallery-icon'>\n                <a data-elementor-open-lightbox=\"no\" href='https:\/\/akogluinsaat.com.tr\/wp-content\/uploads\/2015\/02\/interior1.jpg'><img loading=\"lazy\" decoding=\"async\" width=\"600\" height=\"300\" src=\"https:\/\/akogluinsaat.com.tr\/wp-content\/uploads\/2015\/02\/interior1-600x300.jpg\" class=\"attachment-medium-thumb size-medium-thumb\" alt=\"\" srcset=\"https:\/\/akogluinsaat.com.tr\/wp-content\/uploads\/2015\/02\/interior1-600x300.jpg 600w, https:\/\/akogluinsaat.com.tr\/wp-content\/uploads\/2015\/02\/interior1-400x200.jpg 400w, https:\/\/akogluinsaat.com.tr\/wp-content\/uploads\/2015\/02\/interior1-800x400.jpg 800w\" sizes=\"(max-width: 600px) 100vw, 600px\" \/><\/a>\n            <\/dt><\/dl><div class=\"clear\"><\/div>\n            <div class=\"clear\"><\/div>\n        <\/div>\n\t\t<\/div>\n\t\t\t\t\t\t<\/div>\n\t\t\t\t<\/div>\n\t\t\t\t\t<\/div>\n\t\t<\/div>\n\t\t\t\t\t<\/div>\n\t\t<\/section>\n\t\t\t\t<section class=\"elementor-section elementor-top-section elementor-element elementor-element-33e666ce elementor-section-boxed elementor-section-height-default elementor-section-height-default\" data-id=\"33e666ce\" data-element_type=\"section\">\n\t\t\t\t\t\t<div class=\"elementor-container elementor-column-gap-no\">\n\t\t\t\t\t<div class=\"elementor-column elementor-col-50 elementor-top-column elementor-element elementor-element-2d84260f\" data-id=\"2d84260f\" data-element_type=\"column\">\n\t\t\t<div class=\"elementor-widget-wrap elementor-element-populated\">\n\t\t\t\t\t\t<div class=\"elementor-element elementor-element-6cca1ac9 elementor-widget elementor-widget-wpc-custom-heading\" data-id=\"6cca1ac9\" data-element_type=\"widget\" data-widget_type=\"wpc-custom-heading.default\">\n\t\t\t\t<div class=\"elementor-widget-container\">\n\t\t\t\t\t\n        <div class=\"custom-heading wpb_content_element  heading-medium\">\n            <h2 class=\"heading-title\" >Proje Detaylar\u0131<\/h2>\n            <span class=\"heading-line primary\"><\/span>\n        <\/div>\t\t\t\t<\/div>\n\t\t\t\t<\/div>\n\t\t\t\t<div class=\"elementor-element elementor-element-1eb16da elementor-widget elementor-widget-text-editor\" data-id=\"1eb16da\" data-element_type=\"widget\" data-widget_type=\"text-editor.default\">\n\t\t\t\t<div class=\"elementor-widget-container\">\n\t\t\t\t\t\t\t\t\t<p><strong>M\u00fc\u015ft\u00fcri<\/strong>:\u00a0\u00a0 Ako\u011flu \u0130n\u015faat<br \/><strong>Location<\/strong>:\u00a0\u00a0 Samand\u0131ra<br \/><strong>Y\u00fcz \u00d6l\u00e7\u00fcm\u00fc<\/strong>: 4500 m<sup>2<\/sup><br \/><b>Biti\u015f Y\u0131l\u0131<\/b>:\u00a0\u00a0 2014<br \/><b>De\u011fer<\/b>: \u20ba250.000<br \/><strong>Mimar<\/strong>:\u00a0 Cengiz Ero\u011flu<\/p><p>Samand\u0131rada&#8217;da bulunan, 4500 metrekareyi a\u015fan yeni in\u015faat alan\u0131yla Kaliforniya&#8217;n\u0131n en b\u00fcy\u00fck otellerinden biridir. Komple i\u00e7 yenileme, duvarlar\u0131n kald\u0131r\u0131lmas\u0131n\u0131, yeni tuvaletleri, boyay\u0131, duvar kaplamalar\u0131n\u0131, fayans ve hal\u0131lar\u0131 i\u00e7eriyordu.<\/p>\t\t\t\t\t\t\t\t<\/div>\n\t\t\t\t<\/div>\n\t\t\t\t\t<\/div>\n\t\t<\/div>\n\t\t\t\t<div class=\"elementor-column elementor-col-50 elementor-top-column elementor-element elementor-element-2ad5a35b\" data-id=\"2ad5a35b\" data-element_type=\"column\">\n\t\t\t<div class=\"elementor-widget-wrap elementor-element-populated\">\n\t\t\t\t\t\t<div class=\"elementor-element elementor-element-bf0b1b elementor-widget elementor-widget-wpc-custom-heading\" data-id=\"bf0b1b\" data-element_type=\"widget\" data-widget_type=\"wpc-custom-heading.default\">\n\t\t\t\t<div class=\"elementor-widget-container\">\n\t\t\t\t\t\n        <div class=\"custom-heading wpb_content_element  heading-medium\">\n            <h2 class=\"heading-title\" >Hedefler<\/h2>\n            <span class=\"heading-line primary\"><\/span>\n        <\/div>\t\t\t\t<\/div>\n\t\t\t\t<\/div>\n\t\t\t\t<div class=\"elementor-element elementor-element-3f17c388 elementor-widget elementor-widget-text-editor\" data-id=\"3f17c388\" data-element_type=\"widget\" data-widget_type=\"text-editor.default\">\n\t\t\t\t<div class=\"elementor-widget-container\">\n\t\t\t\t\t\t\t\t\t<p>Samand\u0131ra \u00c7al\u0131\u015fma Projesi, b\u00f6lgenin altyap\u0131s\u0131n\u0131 modernize etmeyi ve toplumsal ya\u015fam kalitesini art\u0131rmay\u0131 hedefleyen kapsaml\u0131 bir giri\u015fimdir. Proje kapsam\u0131nda, yol yap\u0131m\u0131, park ve ye\u015fil alan d\u00fczenlemeleri, su ve kanalizasyon sistemlerinin yenilenmesi gibi temel altyap\u0131 \u00e7al\u0131\u015fmalar\u0131 y\u00fcr\u00fct\u00fclmektedir. Ayr\u0131ca, b\u00f6lgedeki e\u011fitim kurumlar\u0131, sa\u011fl\u0131k tesisleri ve sosyal alanlar\u0131n iyile\u015ftirilmesi i\u00e7in de \u00f6nemli ad\u0131mlar at\u0131lmaktad\u0131r. <br \/><br \/>Samand\u0131ra&#8217;n\u0131n s\u00fcrd\u00fcr\u00fclebilir geli\u015fimini sa\u011flamak ve sakinlerine daha ya\u015fanabilir bir \u00e7evre sunmak amac\u0131yla, projeye yenilik\u00e7i \u00e7\u00f6z\u00fcmler ve y\u00fcksek kaliteli malzemeler entegre edilmektedir. Bu proje, hem b\u00f6lge sakinlerinin g\u00fcnl\u00fck ya\u015fam\u0131n\u0131 kolayla\u015ft\u0131racak hem de Samand\u0131ra&#8217;n\u0131n uzun vadeli b\u00fcy\u00fcme potansiyelini destekleyecektir.<\/p>\t\t\t\t\t\t\t\t<\/div>\n\t\t\t\t<\/div>\n\t\t\t\t\t<\/div>\n\t\t<\/div>\n\t\t\t\t\t<\/div>\n\t\t<\/section>\n\t\t\t\t<\/div>\n\t\t","protected":false},"excerpt":{"rendered":"<p>Proje Detaylar\u0131 M\u00fc\u015ft\u00fcri:\u00a0\u00a0 Ako\u011flu \u0130n\u015faatLocation:\u00a0\u00a0 Samand\u0131raY\u00fcz \u00d6l\u00e7\u00fcm\u00fc: 4500 m2Biti\u015f Y\u0131l\u0131:\u00a0\u00a0 2014De\u011fer: \u20ba250.000Mimar:\u00a0 Cengiz Ero\u011flu Samand\u0131rada&#8217;da bulunan, 4500 metrekareyi a\u015fan yeni in\u015faat &#8230;<\/p>\n","protected":false},"author":1,"featured_media":0,"parent":370,"menu_order":0,"comment_status":"closed","ping_status":"closed","template":"","meta":{"footnotes":""},"_links":{"self":[{"href":"https:\/\/akogluinsaat.com.tr\/index.php\/wp-json\/wp\/v2\/pages\/1869"}],"collection":[{"href":"https:\/\/akogluinsaat.com.tr\/index.php\/wp-json\/wp\/v2\/pages"}],"about":[{"href":"https:\/\/akogluinsaat.com.tr\/index.php\/wp-json\/wp\/v2\/types\/page"}],"author":[{"embeddable":true,"href":"https:\/\/akogluinsaat.com.tr\/index.php\/wp-json\/wp\/v2\/users\/1"}],"replies":[{"embeddable":true,"href":"https:\/\/akogluinsaat.com.tr\/index.php\/wp-json\/wp\/v2\/comments?post=1869"}],"version-history":[{"count":2,"href":"https:\/\/akogluinsaat.com.tr\/index.php\/wp-json\/wp\/v2\/pages\/1869\/revisions"}],"predecessor-version":[{"id":1921,"href":"https:\/\/akogluinsaat.com.tr\/index.php\/wp-json\/wp\/v2\/pages\/1869\/revisions\/1921"}],"up":[{"embeddable":true,"href":"https:\/\/akogluinsaat.com.tr\/index.php\/wp-json\/wp\/v2\/pages\/370"}],"wp:attachment":[{"href":"https:\/\/akogluinsaat.com.tr\/index.php\/wp-json\/wp\/v2\/media?parent=1869"}],"curies":[{"name":"wp","href":"https:\/\/api.w.org\/{rel}","templated":true}]}}